lculate i(p).
0
Let r(z) = -z + 15. Suppose 21*d - 12*d = 45. Suppose -3*n = -f - d*n + 8, 5*n + 40 = 5*f. Give r(f).
7
Let l(p) = -46*p**3 + 2*p**2 - 1. Suppose -2*t - 6 = -10. Let n be 4 + 0 + (-1 - t). Give l(n).
-45
Let t be ((-1)/3)/((-6)/(-90)). Let c(g) = -295*g - 3. Let b(o) = -370*o - 4. Let m(x) = 4*b(x) - 5*c(x). What is m(t)?
24
Let w(h) = -29*h**2 - 4*h - 2. Suppose 0 = 8*k - 92*k - 84. Calculate w(k).
-27
Suppose -2*c - 123 = -203. Suppose 57*j = 61*j + c. Let g be (9/(-5) + 3)/(j/25). Let a(x) = 3*x + 4. Give a(g).
-5
Let n(s) be the second derivative of -s**3/2 + 33*s**2/2 - 3109*s. Determine n(8).
9
Let r(n) = n**2 - 7*n + 5. Suppose 2808 + 1570 = 11*l. Let x = 402 - l. What is r(x)?
-7
Let j(t) = -t**3 - 5*t**2 + 5*t + 1. Suppose 2*l - 2*s - 32 = 0, -5*l + 9*s - 6*s + 90 = 0. Suppose -2*r = -2*u + 6, -4*u + 9*u = -r - l. What is j(r)?
7
Let f = 9004 - 9016. Let w(d) = -d**2 - 10*d - 12. Determine w(f).
-36
Let w(m) = -3*m + 1. Let g(b) be the second derivative of 8*b**3/3 + 9*b**2 + 23*b + 4. Let r be g(-1). Give w(r).
-5
Let s(c) = -22*c - 219. Let b be s(-10). Let p(f) = b - 2 + 2*f + 2 - 8 - 3. Determine p(6).
2
Let s(r) = -66*r + 4. Suppose -41 + 33 = 32*m - 40. What is s(m)?
-62
Suppose -2159 = -4*s + 2373. Let a = s - 1138. Let w(l) = l**2 + l - 4. Let j(b) = 2*b**2 + 2*b - 5. Let g(d) = 2*j(d) - 3*w(d). Give g(a).
22
Let q(d) = 16880*d + 4 - 8457*d - 8368*d + 8. Give q(2).
122
Suppose 93*i - 47*i = -230. Let f(x) = 9*x**2 + 8 - x**3 - 20*x**2 + 7*x**2 + 7*x. What is f(i)?
-2
Suppose 3*i = -5*o - 23, -69*o = -2*i - 65*o - 8. Let u(x) = -x**3 - 4*x**2 + 11*x + 6. What is u(i)?
12
Suppose 79*p = -317*p - 8316. Let q(h) = -2*h**3 - 40*h**2 + 41*h - 17. Give q(p).
4
Let k(z) = 1921 + 2*z + 1915 - 3833. Let c(b) = -b**2 + 5*b + 3. Let f be c(5). Determine k(f).
9
Let o(b) = 6*b**3 + 7*b**2 + 5*b - 1. Let l be o(-1). Let k(f) = 3*f**2 - 3*f + 13. Let q(y) = -2*y**2 + 3*y - 11. Let p(h) = -3*k(h) - 4*q(h). What is p(l)?
-5
Let d = -10362 - -10371. Let g(c) be the second derivative of c**5/20 - 5*c**4/6 + 3*c**3/2 - 3*c**2 + c. Give g(d).
-6
Let d(f) be the first derivative of -f**4/4 + 14*f**3/3 - 25*f**2/2 + 10*f + 473. Suppose 10*h = 176 - 56. Give d(h).
-2
Let i(v) be the first derivative of 1/4*v**4 + 1/2*v**2 + 0*v**3 - 27*v - 4. What is i(0)?
-27
Let r(c) = -c - 1. Suppose 4*l = -3*v + 412, 3*l = -4*v + 125 + 436. Let a = -155 + v. Calculate r(a).
10
Let l(f) = f**3 + 16*f**2 + 14*f - 21. Let q = 6090 + -6105. Give l(q).
-6
Let p(a) = a**3 - 9*a**2 - 4*a + 2. Let o be p(10). Let z(b) = -15*b + 65 + 16*b - o. Calculate z(-11).
-8
Let z be 2/7 + 2344/28. Let c be ((-4)/6)/(8/z). Let d(h) = -7*h**3 - 18*h**2 - 7*h + 1. Let i(y) = -y**3 - 2*y**2 - 2*y. Let f(v) = -d(v) + 6*i(v). Give f(c).
-15
Let r(b) = -95*b + 493. Let n be r(5). Let v(y) = -3*y + 54. What is v(n)?
0
Let g(r) = -r**2 - 8*r - 3. Let c(m) = -m**2 - 23 + 8*m**2 - 2*m**2 + 9*m - 4*m**2. Let u be c(-11). Let p be ((-34)/(-51))/(u/9). Determine g(p).
9
Suppose -a - 2*a - y + 1340 = 0, -3*y = -a + 450. Suppose 3 = c, -c + 5*c - a = -3*f. Let g(m) = 144 - 9*m**2 - f - 3*m**2. Give g(-1).
-13
Let b(a) = 36*a**2 + 2*a - 1. Let r(c) = -179*c**2 + c + 8. Let q(z) = -5*b(z) - r(z). Suppose -s + 1 = v + 4, 0 = 5*s + 2*v + 27. Determine q(s).
25
Let c be ((-2)/4)/(2/4). Let u(t) = 3*t + 2. Suppose 0*b - 3*b + 38 = 4*n, -2*b + 5*n = 13. Let y(j) = j + 1. Let s(p) = b*u(p) - 11*y(p). Give s(c).
-6
Let o = -3998 - -4002. Let a(g) = 2*g - 2. What is a(o)?
6
Suppose -3*l + 3 = -5*n, 4*n + 9*l = 10*l + 6. Let b(t) be the first derivative of 5 + n*t + 5/2*t**2 - 1/3*t**3. What is b(6)?
-3
Let u be (-94)/3*(-9 - -3 - -3). Let w(b) = -185*b + 89*b + 1 + u*b. Calculate w(-6).
13
Let g(c) = -25*c**3 + 16*c**2 + 45*c + 3. Let o(f) = -43*f**3 + 27*f**2 + 77*f + 5. Let q(k) = 12*g(k) - 7*o(k). Let p be ((-9)/12)/((-1)/(-4)). Determine q(p).
-2
Let w = -10 - -14. Suppose 5*m - 35 = -4*v - 11, 0 = -v - w*m + 17. Let t(x) = -5*x**2 + x. Determine t(v).
-4
Suppose -s = -15*w + 435, -w - 41*s = -42*s - 29. Let q(b) = 2*b - 45. Give q(w).
13
Let l(u) = 2*u**2 - 5*u + 49. Let s(i) = i**2 - 4*i + 40. Let t(v) = -4*l(v) + 6*s(v). What is t(-6)?
-4
Let x(b) be the second derivative of 5*b**3/6 - 3*b**2 - 2337*b. Give x(-4).
-26
Let t(f) = -f**2 + 8134 + 8115 - 16286 - 12*f. Give t(-7).
-2
Let g(k) = -3*k - 8. Suppose 7*h - 389 = -109. Let n = -34 + h. Determine g(n).
-26
Let t be (-3 - -4) + (-46 - -36). Let r(g) = 3*g + 21. Determine r(t).
-6
Let l(i) = -82*i**2 + 95*i - 31. Let h(r) = -r**3 - 165*r**2 + 198*r - 60. Let f(s) = -2*h(s) + 5*l(s). Determine f(39).
4
Let x = -104 + 106. Suppose -3*c = 5*a - 3 - 0, 3*a + 2 = x*c. Let p(n) be the second derivative of n**5/20 + n**4/6 - n**3/6 + 22*n. Determine p(c).
2
Let h(o) = 32*o - 208. Let n(d) = 4*d - 30. Let c(w) = h(w) - 7*n(w). Suppose -m = -a + 3, a + 3*m - 8 + 1 = 0. Give c(a).
18
Let u be 4346/9540 - 4/(-90). Let j(p) be the first derivative of -2*p + 15 - u*p**2. Determine j(-4).
2
Suppose 5*n - 2*y = y + 9, -3*n + 3*y + 9 = 0. Let d(a) = a**2 + a**2 - a**2 - 20 + 46 - 34. What is d(n)?
-8
Let l(q) be the third derivative of 3*q**4/4 - 70*q**3/3 - 2130*q**2 - q. Determine l(9).
22
Let j(p) = 21*p + 8. Let r = -63 + 60. Let y(h) = -10*h - 4. Let k(q) = r*j(q) - 7*y(q). Suppose -9 = 5*v - 2*v. Determine k(v).
-17
Let u(y) = 14*y - 7. Let h be ((-106)/(-212))/(2/8). Calculate u(h).
21
Let o be 6*((-1122)/(-132) - 1/1*7). Suppose -n + 5*n + 27 = 5*m, 4*m + n = 9. Let u(v) = -v**m - 5 + 2*v**3 - 10*v**2 + 4*v + 6*v. What is u(o)?
4
Let q(n) = 2 + n - 7 + 5 + 20*n**3. Let f(v) = -15*v + 316. Let c be f(21). Give q(c).
21
Suppose 0 = -31*o + 14 + 79. Suppose -4*f + 3*l + 5 - 4 = 0, -o*f - 15 = 3*l. Let c(m) = 3*m - 1. What is c(f)?
-7
Let a be (-1 - (0 + -1))/(-2). Suppose -3*j + 12 = 2*f + 5, j - 9 = -4*f. Let i(p) = p + 1 - 3011*p**2 - p**3 + 8 + 3012*p**f. Calculate i(a).
9
Let y(f) = -4*f + 15. Let b be y(-16). Suppose 9*q + 70 = b. Let s(o) = 9*o**3 + o - 1. What is s(q)?
9
Let l(s) = s**3 + 4*s**2 - 3. Let o = -157 + 168. Suppose o*v + 32 = 3*v. Calculate l(v).
-3
Suppose -l = -9*c + 14*c - 16, -4*c = -2*l - 24. Let z(m) = 2*m - 34 + 61 - 28. Calculate z(c).
7
Suppose 8*v - 53 = 3. Let o(a) = -1 - 5*a**2 + 949*a**3 - 948*a**3 + 0. Let w(m) = 4*m**3 - 14*m**2 + m - 2. Let k(b) = v*o(b) - 2*w(b). Determine k(-7).
11
Let q(u) = -u**2 + 6*u - 8. Let b be (-24 - -28)/(-5 + (-22)/(-4)). What is q(b)?
-24
Let y(h) = -h**3 + 3*h**2 + h - 3. Let k = 34 + -141. Let x = 110 + k. Give y(x).
0
Suppose -40*k + 1173 + 27 = 0. Suppose -2*i = 13*i - k. Let z(p) be the second derivative of -p**4/6 + p**3/3 + p**2 - p. Give z(i).
-2
Let c(n) = n**3 + 20*n**2 + n + 7. Suppose 78*g + 829 + 273 = -458. Calculate c(g).
-13
Let t(j) = j**3 + 6*j**2 + 2*j + 1. Let p(v) = v**2 - 5*v + 6. Let m be p(3). Let u(z) = 2*z - z + m*z + z - 20. Let w be u(7). Give t(w).
-11
Let g be (47 + -46)*(-4 + 3). Let t(i) = 32*i - 1. Give t(g).
-33
Let j be (-1728)/(-144) + (-3 - 0). Let v(l) = l**3 - 10*l**2 + 13*l - 43. Give v(j).
-7
Let o(g) be the first derivative of g**4/4 + g**3/3 + g + 77. Let m(d) = -7*d**3 - 8*d**2 + d - 7. Let u(a) = -m(a) - 6*o(a). What is u(-2)?
3
Let a(k) be the second derivative of k**5/20 + k**4 + 19*k**3/6 - 3*k**2/2 + 5446*k. Determine a(-10).
7
Let q(v) be the first derivative of -v**3/3 + 34*v + 6. Let l(i) be the first derivative of q(i). Suppose d = 4*n - 19, -3*d - 4 - 9 = -n. Determine l(n).
-8
Let a(o) be the second derivative of -35*o**4/12 - o**3/3 + o**2/2 - 1906*o + 24. Let m be 2/(-4) + 3/2. What is a(m)?
-36
Suppose -2*y - 14 = -5*t, -4*t + 8*t - 16 = 0. Let s(w) = -w + 2. Let g be s(-3). Let z(m) = -m**3 - 2 - g*m + 4*m + 0*m**3 + 2*m**2 + 2*m**2. What is z(y)?
4
Let x(i) = -6 - 198*i + 189*i - 5 - i**2 - 9. Give x(-6).
-2
Let g(h) = -24 + 3*h + 2*h**2 - h**3 + 19 + 14*h. Let z be g(5). Suppose 0 = 4*k - z*n - 4 - 24, 2*n + 6 = -k. Let s(d) = 4*d - 3. Determine s(k).
5
Let v(c) = 293*c**2 - 133*c + 534. Let d(s) = -179*s**2 + 80*s - 320. Let k(m) = 18*d(m) + 11*v(m). What is k(16)?
2
Suppose 3*a - 2*h - 36 = -6, -2*a = 5*h - 20. Let b(d) be the first derivative of -d**3/3 + 5*d**2 - 8*d - 24628. What is b(a)?
-8
Let z(s) be the 